{"id":140,"date":"2016-10-03T20:32:47","date_gmt":"2016-10-03T17:32:47","guid":{"rendered":"https:\/\/wp.matkakeisari.fi\/?page_id=140"},"modified":"2016-10-03T20:45:41","modified_gmt":"2016-10-03T17:45:41","slug":"yhteydenotto","status":"publish","type":"page","link":"https:\/\/www.matkakeisari.fi\/blog\/yhteydenotto\/","title":{"rendered":"Yhteydenotto"},"content":{"rendered":"<p>Voit ottaa meihin yhteytt\u00e4 s\u00e4hk\u00f6postilla info@matkakeisari.fi tai t\u00e4ytt\u00e4m\u00e4ll\u00e4 alla olevan yhteydenottolomakkeen.<\/p>\n<p>Vastaamme kaikkiin viesteihin, mik\u00e4li olet j\u00e4tt\u00e4nyt s\u00e4hk\u00f6postiosoitteesi.<\/p>\n<div role=\"form\" class=\"wpcf7\" id=\"wpcf7-f141-o1\" lang=\"fi\" dir=\"ltr\">\n<div class=\"screen-reader-response\"><p role=\"status\" aria-live=\"polite\" aria-atomic=\"true\"><\/p> <ul><\/ul><\/div>\n<form action=\"\/wp-json\/wp\/v2\/pages\/140#wpcf7-f141-o1\" method=\"post\" class=\"wpcf7-form init\" novalidate=\"novalidate\" data-status=\"init\">\n<div style=\"display: none;\">\n<input type=\"hidden\" name=\"_wpcf7\" value=\"141\" \/>\n<input type=\"hidden\" name=\"_wpcf7_version\" value=\"5.3\" \/>\n<input type=\"hidden\" name=\"_wpcf7_locale\" value=\"fi\" \/>\n<input type=\"hidden\" name=\"_wpcf7_unit_tag\" value=\"wpcf7-f141-o1\" \/>\n<input type=\"hidden\" name=\"_wpcf7_container_post\" value=\"0\" \/>\n<input type=\"hidden\" name=\"_wpcf7_posted_data_hash\" value=\"\" \/>\n<\/div>\n<p><label> Nimi:<br \/>\n    <span class=\"wpcf7-form-control-wrap nimi\"><input type=\"text\" name=\"nimi\" value=\"\" size=\"40\" class=\"wpcf7-form-control wpcf7-text\" aria-invalid=\"false\" \/><\/span> <\/label><\/p>\n<p><label> S\u00e4hk\u00f6posti * (vastauksille):<br \/>\n    <span class=\"wpcf7-form-control-wrap email\"><input type=\"email\" name=\"email\" value=\"\" size=\"40\" class=\"wpcf7-form-control wpcf7-text wpcf7-email wpcf7-validates-as-required wpcf7-validates-as-email\" aria-required=\"true\" aria-invalid=\"false\" \/><\/span> <\/label><\/p>\n<p>Aihe:<br \/>\n<span class=\"wpcf7-form-control-wrap Aihe\"><span class=\"wpcf7-form-control wpcf7-radio\"><span class=\"wpcf7-list-item first\"><input type=\"radio\" name=\"Aihe\" value=\"Yleinen\" checked=\"checked\" \/><span class=\"wpcf7-list-item-label\">Yleinen<\/span><\/span><span class=\"wpcf7-list-item\"><input type=\"radio\" name=\"Aihe\" value=\"Paikkakunta puuttuu\" \/><span class=\"wpcf7-list-item-label\">Paikkakunta puuttuu<\/span><\/span><span class=\"wpcf7-list-item\"><input type=\"radio\" name=\"Aihe\" value=\"V\u00e4\u00e4r\u00e4t hakutulokset\" \/><span class=\"wpcf7-list-item-label\">V\u00e4\u00e4r\u00e4t hakutulokset<\/span><\/span><span class=\"wpcf7-list-item last\"><input type=\"radio\" name=\"Aihe\" value=\"Kehitysehdotus\" \/><span class=\"wpcf7-list-item-label\">Kehitysehdotus<\/span><\/span><\/span><\/span><\/p>\n<p><label> Viesti *<br \/>\n    <span class=\"wpcf7-form-control-wrap viesti\"><textarea name=\"viesti\" cols=\"40\" rows=\"10\" class=\"wpcf7-form-control wpcf7-textarea wpcf7-validates-as-required\" aria-required=\"true\" aria-invalid=\"false\"><\/textarea><\/span> <\/label><\/p>\n<p><input type=\"submit\" value=\"L\u00e4het\u00e4\" class=\"wpcf7-form-control wpcf7-submit\" \/><\/p>\n<input type='hidden' class='wpcf7-pum' value='{\"closepopup\":false,\"closedelay\":0,\"openpopup\":false,\"openpopup_id\":0}' \/><div class=\"wpcf7-response-output\" aria-hidden=\"true\"><\/div><\/form><\/div>\n","protected":false},"excerpt":{"rendered":"<p>Voit ottaa meihin yhteytt\u00e4 s\u00e4hk\u00f6postilla info@matkakeisari.fi tai t\u00e4ytt\u00e4m\u00e4ll\u00e4 alla olevan yhteydenottolomakkeen. Vastaamme kaikkiin viesteihin, mik\u00e4li olet j\u00e4tt\u00e4nyt s\u00e4hk\u00f6postiosoitteesi.<\/p>\n","protected":false},"author":1,"featured_media":0,"parent":0,"menu_order":0,"comment_status":"closed","ping_status":"closed","template":"","meta":[],"yoast_head":"<!-- This site is optimized with the Yoast SEO plugin v15.2 - https:\/\/yoast.com\/wordpress\/plugins\/seo\/ -->\n<meta name=\"robots\" content=\"index, follow, max-snippet:-1, max-image-preview:large, max-video-preview:-1\" \/>\n<link rel=\"canonical\" href=\"https:\/\/www.matkakeisari.fi\/blog\/yhteydenotto\/\" \/>\n<meta property=\"og:locale\" content=\"fi_FI\" \/>\n<meta property=\"og:type\" content=\"article\" \/>\n<meta property=\"og:title\" content=\"Yhteydenotto &ndash; Matkakeisari.fi\" \/>\n<meta property=\"og:description\" content=\"Voit ottaa meihin yhteytt\u00e4 s\u00e4hk\u00f6postilla info@matkakeisari.fi tai t\u00e4ytt\u00e4m\u00e4ll\u00e4 alla olevan yhteydenottolomakkeen. Vastaamme kaikkiin viesteihin, mik\u00e4li olet j\u00e4tt\u00e4nyt s\u00e4hk\u00f6postiosoitteesi.\" \/>\n<meta property=\"og:url\" content=\"https:\/\/www.matkakeisari.fi\/blog\/yhteydenotto\/\" \/>\n<meta property=\"og:site_name\" content=\"Matkakeisari.fi\" \/>\n<meta property=\"article:publisher\" content=\"https:\/\/www.facebook.com\/matkakeisari.fi\/\" \/>\n<meta property=\"article:modified_time\" content=\"2016-10-03T17:45:41+00:00\" \/>\n<meta name=\"twitter:card\" content=\"summary\" \/>\n<meta name=\"twitter:creator\" content=\"@matkakeisari\" \/>\n<meta name=\"twitter:site\" content=\"@matkakeisari\" \/>\n<meta name=\"twitter:label1\" value=\"Written by\">\n\t<meta name=\"twitter:data1\" value=\"Jari Laari\">\n\t<meta name=\"twitter:label2\" value=\"Est. reading time\">\n\t<meta name=\"twitter:data2\" value=\"0 minuuttia\">\n<script type=\"application\/ld+json\" class=\"yoast-schema-graph\">{\"@context\":\"https:\/\/schema.org\",\"@graph\":[{\"@type\":\"WebSite\",\"@id\":\"https:\/\/www.matkakeisari.fi\/blog\/#website\",\"url\":\"https:\/\/www.matkakeisari.fi\/blog\/\",\"name\":\"Matkakeisari.fi\",\"description\":\"\",\"potentialAction\":[{\"@type\":\"SearchAction\",\"target\":\"https:\/\/www.matkakeisari.fi\/blog\/?s={search_term_string}\",\"query-input\":\"required name=search_term_string\"}],\"inLanguage\":\"fi\"},{\"@type\":\"WebPage\",\"@id\":\"https:\/\/www.matkakeisari.fi\/blog\/yhteydenotto\/#webpage\",\"url\":\"https:\/\/www.matkakeisari.fi\/blog\/yhteydenotto\/\",\"name\":\"Yhteydenotto &ndash; Matkakeisari.fi\",\"isPartOf\":{\"@id\":\"https:\/\/www.matkakeisari.fi\/blog\/#website\"},\"datePublished\":\"2016-10-03T17:32:47+00:00\",\"dateModified\":\"2016-10-03T17:45:41+00:00\",\"inLanguage\":\"fi\",\"potentialAction\":[{\"@type\":\"ReadAction\",\"target\":[\"https:\/\/www.matkakeisari.fi\/blog\/yhteydenotto\/\"]}]}]}<\/script>\n<!-- \/ Yoast SEO plugin. -->","_links":{"self":[{"href":"https:\/\/www.matkakeisari.fi\/blog\/wp-json\/wp\/v2\/pages\/140"}],"collection":[{"href":"https:\/\/www.matkakeisari.fi\/blog\/wp-json\/wp\/v2\/pages"}],"about":[{"href":"https:\/\/www.matkakeisari.fi\/blog\/wp-json\/wp\/v2\/types\/page"}],"author":[{"embeddable":true,"href":"https:\/\/www.matkakeisari.fi\/blog\/wp-json\/wp\/v2\/users\/1"}],"replies":[{"embeddable":true,"href":"https:\/\/www.matkakeisari.fi\/blog\/wp-json\/wp\/v2\/comments?post=140"}],"version-history":[{"count":3,"href":"https:\/\/www.matkakeisari.fi\/blog\/wp-json\/wp\/v2\/pages\/140\/revisions"}],"predecessor-version":[{"id":145,"href":"https:\/\/www.matkakeisari.fi\/blog\/wp-json\/wp\/v2\/pages\/140\/revisions\/145"}],"wp:attachment":[{"href":"https:\/\/www.matkakeisari.fi\/blog\/wp-json\/wp\/v2\/media?parent=140"}],"curies":[{"name":"wp","href":"https:\/\/api.w.org\/{rel}","templated":true}]}}